s 38 - -10?
48
In base 15, what is -2a4 + d?
-296
In base 10, what is 37 + 3?
40
In base 15, what is 8d + -7?
86
In base 14, what is -30 - 4?
-34
In base 4, what is 1 + 13222?
13223
In base 8, what is 363 - 17?
344
In base 2, what is -11111 + 1101100?
1001101
In base 14, what is 438 - -5?
43d
In base 10, what is 129 - -8?
137
In base 16, what is 6a9 - -11?
6ba
In base 15, what is -38 - -19?
-1e
In base 2, what is 10010010 - -1111?
10100001
In base 6, what is 1554 - -24?
2022
In base 10, what is 39 + 77?
116
In base 7, what is -22 - -13?
-6
In base 11, what is -355 - 0?
-355
In base 4, what is 21110 + -3?
21101
In base 12, what is 37a + -3?
377
In base 3, what is 112221 + -1001?
111220
In base 2, what is 100010 - -1000010?
1100100
In base 5, what is -10 - -2230?
2220
In base 16, what is -90 - 9?
-99
In base 10, what is 235 - -2?
237
In base 12, what is 2541a - -1?
2541b
In base 2, what is 10110111100 - -11?
10110111111
In base 8, what is 3 - 342?
-337
In base 15, what is -2c + -30?
-5c
In base 11, what is -39 - -9?
-30
In base 3, what is -12 - 1221202?
-1221221
In base 4, what is 2201 + -11?
2130
In base 9, what is 1462 + 6?
1468
In base 11, what is 248 + -5?
243
In base 7, what is 126 + 143?
302
In base 4, what is 111 + -110?
1
In base 13, what is 3 + 830?
833
In base 2, what is -10111 + -100?
-11011
In base 12, what is 10 - 7?
5
In base 12, what is 11 + 2?
13
In base 9, what is 7 - 5288?
-5281
In base 5, what is 10442 - 11?
10431
In base 13, what is 2 + 25b0?
25b2
In base 7, what is -16 - 1?
-20
In base 10, what is -56 + 7?
-49
In base 2, what is 100101 - 1?
100100
In base 9, what is -17532 + 2?
-17530
In base 13, what is -1 - 24a?
-24b
In base 5, what is 20201 - 2?
20144
In base 3, what is 102201 - 2122?
100002
In base 13, what is 24 + -4?
20
In base 5, what is 1330142 - -3?
1330200
In base 13, what is -2155 + 1?
-2154
In base 14, what is -322 + -1?
-323
In base 2, what is 10011001111011 - 100?
10011001110111
In base 8, what is 2 - 1332?
-1330
In base 8, what is 4671 - 5?
4664
In base 10, what is -2098 + -1?
-2099
In base 16, what is 14 - 4?
10
In base 14, what is 1 - -1588?
1589
In base 11, what is -a4 + -1?
-a5
In base 15, what is 5 + 1a0?
1a5
In base 10, what is 43046 + 0?
43046
In base 7, what is -442 + 54?
-355
In base 11, what is -1a + -66?
-85
In base 13, what is -4 - -356?
352
In base 14, what is 1224a - -3?
1224d
In base 10, what is -48 - -1?
-47
In base 4, what is -103 + -1020?
-1123
In base 16, what is 0 + -3a?
-3a
In base 2, what is -1001100010 - 101?
-1001100111
In base 9, what is 26 + -21?
5
In base 14, what is 31 - -2c?
5d
In base 14, what is 18 + 41?
59
In base 14, what is -4 + 356?
352
In base 13, what is -5 - -55?
50
In base 16, what is -b - 1cf?
-1da
In base 9, what is 26 - -3?
30
In base 12, what is 249 + -1?
248
In base 2, what is -100001 - -100?
-11101
In base 2, what is -1011 + -1000000?
-1001011
In base 12, what is -80 - -2?
-7a
In base 15, what is -1 + -9e?
-a0
In base 4, what is -2313 + -13?
-2332
In base 11, what is -5 + -148?
-152
In base 16, what is -3 + 286?
283
In base 8, what is 12 - -140?
152
In base 15, what is -2 + 1a7b?
1a79
In base 9, what is -4 + 63?
58
In base 8, what is 32 + -14?
16
In base 4, what is 1112 + 1?
1113
In base 8, what is 2570 - -4?
2574
In base 5, what is 10 + 200332?
200342
In base 11, what is 9a + 42?
131
In base 14, what is -2 + 35?
33
In base 15, what is -12 + 6?
-b
In base 11, what is 94 - -16?
aa
In base 3, what is -22112 - -102?
-22010
In base 8, what is 222 - -13?
235
In base 3, what is -1011020 - 2?
-1011022
In base 11, what is -5 - -138?
133
In base 14, what is -40 + 3?
-3b
In base 10, what is 7 + -26?
-19
In base 15, what is 0 - -3e?
3e
In base 8, what is -2 + -202?
-204
In base 8, what is 456 + -6?
450
In base 4, what is 101211 + 3?
101220
In base 3, what is -201100122 - -11?
-201100111
In base 7, what is -4501 + 5?
-4463
In base 10, what is 503 + 2?
505
In base 15, what is -8 - 18?
-21
In base 12, what is 19 + -5b?
-42
In base 8, what is 4 + -2320?
-2314
In base 9, what is 305 - 2?
303
In base 15, what is 4 - -293?
297
In base 12, what is b + 90?
9b
In base 10, what is 17 + 11?
28
In base 7, what is 11104 - -5?
11112
In base 4, what is -100331 + 21?
-100310
In base 2, what is -100000010111 + 101?
-100000010010
In base 6, what is 1242 - 5?
1233
In base 5, what is 10 + -144?
-134
In base 7, what is 2115 - -1?
2116
In base 7, what is 350 - -5?
355
In base 8, what is 3 + -7?
-4
In base 15, what is 5e - 5?
59
In base 3, what is 10112021 + -11?
10112010
In base 14, what is 14 - 121?
-10b
In base 12, what is 0 - -562?
562
In base 13, what is 334 + 16?
34a
In base 8, what is -3 - 636?
-641
In base 5, what is 40 - -1130?
1220
In base 9, what is 5 - -83?
88
In base 16, what is 121 + a?
12b
In base 14, what is 811 - 5?
80a
In base 4, what is 1 + -132?
-131
In base 15, what is -2823 + -4?
-2827
In base 12, what is 3 - 18?
-15
In base 7, what is 2252 - -25?
2310
In base 8, what is -3362 + 2?
-3360
In base 7, what is 60 + -6?
51
In base 12, what is -62ab + 3?
-62a8
In base 7, what is 0 - -430?
430
In base 7, what is 13 - 2504?
-2461
In base 6, what is 24 + 451?
515
In base 13, what is 18 - -8?
23
In base 8, what is 302 - -4?
306
In base 13, what is -7 + -7?
-11
In base 9, what is -4 - -51?
46
In base 4, what is 10020 - -30?
10110
In base 2, what is -110 + -1?
-111
In base 4, what is -3 - 11021?
-11030
In base 12, what is 51 - 0?
51
In base 4, what is 1003 - -11013?
12022
In base 9, what is 2 - -41?
43
In base 11, what is -1508 + 3?
-1505
In base 12, what is 0 - -135?
135
In base 7, what is 364211 + -3?
364205
In base 8, what is -301 - -33?
-246
In base 6, what is -4 - 105211?
-105215
In base 3, what is 22 + 2201?
10000
In base 2, what is -100110 - 10?
-101000
In base 8, what is -414 - 7?
-423
In base 15, what is eb - -4?
100
In base 12, what is -60a2 + 4?
-609a
In base 14, what is -a74 - -3?
-a71
In base 16, what is 10c - -4?
110
In base 4, what is 10312312 + 2?
10312320
In base 11, what is -931 - -2?
-92a
In base 9, what is 13785 + -4?
13781
In base 16, what is -9 - -c3?
ba
In base 4, what is 3012 - 2?
3010
In base 7, what is -14420 + -11?
-14431
In base 9, what is 1002 + 3?
1005
In base 8, what is -47302 + -3?
-47305
In base 8, what is 121 - -21?
142
In base 5, what is 4 - -2340?
2344
In base 13, what is -2 - -25?
23
In base 12, what is 31 + -3?
2a
In base 3, what is 2210200 - 12?
2210111
In base 8, what is -4 + 354?
350
In base 12, what is 5 - -b9b?
ba4
In base 10, what is -25 - 12?
-37
In base 5, what is -14100 - 0?
-14100
In base 3, what is 10120 + -12?
10101
In base 16, what is 1 + 6b9?
6ba
In base 3, what is 2 - 10102022?
-10102020
In base 4, what is 2 + 1033?
1101
In base 12, what is 278 - -28?
2a4
In base 16, what is 21 - -4?
25
In base 16, what is 8 + 6?
e
In base 8, what is -72 - -27?
-43
In base 16, what is 0 + -1f?
-1f
In base 16, what is -a6 + -5?
-ab
In base 9, what is 165 - 63?
102
In base 14, what is -5 + -31c?
-323
In base 7, what is -10541 + -4?
-10545
In base 13, what is -21 - -5b?
3a
In base 16, what is 3 + -1d?
-1a
In base 5, what is 213 - 10?
203
In base 11, what is 4 + -a?
-6
In base 12, what is -12 - 2?
-14
In base 7, what is -533 - 14?
-550
In base 6, what is 2 - -2343?
2345
In base 14, what is -188 - 3?
-18b
In base 8, what is -4 - 12?
-16
In base 7, what is 14106 + 5?
14114
In base 12, what is -2127 + -1?
-2128
In base 2, what is 1 - -101000?
101001
In base 7, what is 2 - 3603?
-3601
In base 16, what is 9 - 9?
0
In base 7, what is -522 + 4?
-515
In base 11, what is -313 + -14?
-327
In base 9, what is -528 - 11?
-540
In base 4, what is 11222 - -1?
11223
In base 8, what is -5 - -4?
-1
In base 8, what is 32323 + -3?
32320
In base 9, what is 0 + -5021?
-5021
In base 5, what is -140234 - 3?
-140242
In base 8, what is 0 + -367?
-367
In base 7, what is 5 + 1610?
1615
In base 9, what is 5 - -400?
405
In base 12, what is 5 + 17?
20
In base 13, what is 17 + -13?
4
In base 11, what is -1 + 3694?
3693
In base 15, what is -20 - da?
-10a
In base 10, what is 11 - -557?
568
In base 3, what is -212 + 10002?
2020
In base 14, what is -1 - -30?
2d
In base 14, what is 2 - 11d?
-11b
In base 10, what is -1 - -899?
898
In base 13, what is 8 - -16?
21
In base 7, what is -1463 + 5?
